{"id":11,"date":"2017-06-14T00:00:03","date_gmt":"2017-06-13T22:00:03","guid":{"rendered":"http:\/\/lestudioagile.fr\/?page_id=11"},"modified":"2026-03-20T13:56:10","modified_gmt":"2026-03-20T12:56:10","slug":"nous","status":"publish","type":"page","link":"https:\/\/lestudioagile.fr\/index.php\/nous\/","title":{"rendered":"Qui sommes-nous ?"},"content":{"rendered":"\n<p>Experts de la conduite de projet agile et de l&#8217;intelligence collective,  nous mettons en commun nos talents et nos imaginations au service des collaborations.<\/p>\n\n\n\n<p>De la formation \u00e0 l&#8217;accompagnement en passant par la coordination de projet, nos interventions cadrent les transformations et leur donnent du sens.<\/p>\n\n\n\n<p>Convaincus des b\u00e9n\u00e9fices de la transparence, de l\u2019auto-organisation et de l\u2019am\u00e9lioration continue, nous appliquons ces principes au quotidien.<\/p>\n\n\n\n<hr class=\"wp-block-separator\"\/>\n\n\n\n<div class=\"wp-block-columns has-3-columns\">\n<div class=\"wp-block-column\">\n<p class=\"has-text-align-center\"><a href=\"https:\/\/www.linkedin.com\/in\/olivierdestrade\">Olivier<\/a><\/p>\n\n\n\n<figure class=\"wp-block-image size-large is-style-rounded\"><img loading=\"lazy\" width=\"640\" height=\"640\" src=\"http:\/\/lestudioagile.fr\/wp-content\/uploads\/2026\/03\/Olivier-2.jpg\" alt=\"\" class=\"wp-image-812\" srcset=\"https:\/\/lestudioagile.fr\/wp-content\/uploads\/2026\/03\/Olivier-2.jpg 640w, https:\/\/lestudioagile.fr\/wp-content\/uploads\/2026\/03\/Olivier-2-300x300.jpg 300w, https:\/\/lestudioagile.fr\/wp-content\/uploads\/2026\/03\/Olivier-2-150x150.jpg 150w, https:\/\/lestudioagile.fr\/wp-content\/uploads\/2026\/03\/Olivier-2-100x100.jpg 100w\" sizes=\"(max-width: 640px) 100vw, 640px\" \/><\/figure>\n\n\n\n<p class=\"has-text-align-center\">Olivier Destrade est sp\u00e9cialiste des approches agiles de gestion de projet. Il a un parcours de manageur au sein d\u2019\u00e9diteurs logiciels, dont 2 ans dans une \u00e9quipe d&#8217;int\u00e9gration des terminaux points de vente. Depuis 2014 il accompagne les organisations et les \u00e9quipes dans leurs projets par de la formation, du coaching d\u2019\u00e9quipe, ou de la coordination op\u00e9rationnelle.<\/p>\n<\/div>\n\n\n\n<div class=\"wp-block-column\">\n<p class=\"has-text-align-center\"><a href=\"https:\/\/www.linkedin.com\/in\/ogiergalland\/\">Valentine<\/a><\/p>\n\n\n\n<figure class=\"wp-block-image size-large is-style-rounded\"><img loading=\"lazy\" width=\"393\" height=\"393\" src=\"http:\/\/lestudioagile.fr\/wp-content\/uploads\/2026\/03\/Valentine-2.jpg\" alt=\"\" class=\"wp-image-813\" srcset=\"https:\/\/lestudioagile.fr\/wp-content\/uploads\/2026\/03\/Valentine-2.jpg 393w, https:\/\/lestudioagile.fr\/wp-content\/uploads\/2026\/03\/Valentine-2-300x300.jpg 300w, https:\/\/lestudioagile.fr\/wp-content\/uploads\/2026\/03\/Valentine-2-150x150.jpg 150w, https:\/\/lestudioagile.fr\/wp-content\/uploads\/2026\/03\/Valentine-2-100x100.jpg 100w\" sizes=\"(max-width: 393px) 100vw, 393px\" \/><\/figure>\n\n\n\n<p class=\"has-text-align-center\">Valentine Ogier-Galland est ing\u00e9nieur en informatique, avec une expertise double en strat\u00e9gie documentaire et agilit\u00e9. Elle a g\u00e9r\u00e9 des \u00e9quipes de d\u00e9veloppement, de traduction et de r\u00e9daction technique, et a enseign\u00e9 un an chez Vatel \u00e0 N\u00eemes. Elle accompagne aujourd&#8217;hui les organisations dans leurs transformations strat\u00e9giques.<\/p>\n<\/div>\n\n\n\n<div class=\"wp-block-column\">\n<p class=\"has-text-align-center\"><a href=\"https:\/\/www.linkedin.com\/in\/luigi-notarangelo-244641\/\">Luigi<\/a><\/p>\n\n\n\n<figure class=\"wp-block-image size-large is-style-rounded\"><img loading=\"lazy\" width=\"640\" height=\"640\" src=\"http:\/\/lestudioagile.fr\/wp-content\/uploads\/2026\/03\/Luigi.jpg\" alt=\"\" class=\"wp-image-807\" srcset=\"https:\/\/lestudioagile.fr\/wp-content\/uploads\/2026\/03\/Luigi.jpg 640w, https:\/\/lestudioagile.fr\/wp-content\/uploads\/2026\/03\/Luigi-300x300.jpg 300w, https:\/\/lestudioagile.fr\/wp-content\/uploads\/2026\/03\/Luigi-150x150.jpg 150w, https:\/\/lestudioagile.fr\/wp-content\/uploads\/2026\/03\/Luigi-100x100.jpg 100w\" sizes=\"(max-width: 640px) 100vw, 640px\" \/><\/figure>\n\n\n\n<p class=\"has-text-align-center\">Luigi Notarangelo est un artisan de la gestion de projet et de l\u2019agilit\u00e9. Sur le terrain, il a pilot\u00e9 la conception et la mise en \u0153uvre d\u2019\u00e9v\u00e9nements d\u2019envergure pour la Conf\u00e9d\u00e9ration G\u00e9n\u00e9rale de Roquefort et la Ville de P\u00e9zenas. Depuis 2017, il accompagne des \u00e9quipes de d\u00e9veloppement au sein du Groupe la Poste, au service de leur performance.<\/p>\n<\/div>\n<\/div>\n\n\n\n<p><\/p>\n","protected":false},"excerpt":{"rendered":"<p>Experts de la conduite de projet agile et de l&#8217;intelligence collective, nous mettons en commun nos talents et nos imaginations au service des collaborations. De la formation \u00e0 l&#8217;accompagnement en passant par la coordination de projet, nos interventions cadrent les transformations et leur donnent du sens. Convaincus des b\u00e9n\u00e9fices de la transparence, de l\u2019auto-organisation et &hellip; <\/p>\n<p class=\"link-more\"><a href=\"https:\/\/lestudioagile.fr\/index.php\/nous\/\" class=\"more-link\">Continue reading<span class=\"screen-reader-text\"> &#8220;Qui sommes-nous ?&#8221;<\/span><\/a><\/p>\n","protected":false},"author":1,"featured_media":0,"parent":0,"menu_order":0,"comment_status":"closed","ping_status":"closed","template":"","meta":[],"_links":{"self":[{"href":"https:\/\/lestudioagile.fr\/index.php\/wp-json\/wp\/v2\/pages\/11"}],"collection":[{"href":"https:\/\/lestudioagile.fr\/index.php\/wp-json\/wp\/v2\/pages"}],"about":[{"href":"https:\/\/lestudioagile.fr\/index.php\/wp-json\/wp\/v2\/types\/page"}],"author":[{"embeddable":true,"href":"https:\/\/lestudioagile.fr\/index.php\/wp-json\/wp\/v2\/users\/1"}],"replies":[{"embeddable":true,"href":"https:\/\/lestudioagile.fr\/index.php\/wp-json\/wp\/v2\/comments?post=11"}],"version-history":[{"count":45,"href":"https:\/\/lestudioagile.fr\/index.php\/wp-json\/wp\/v2\/pages\/11\/revisions"}],"predecessor-version":[{"id":817,"href":"https:\/\/lestudioagile.fr\/index.php\/wp-json\/wp\/v2\/pages\/11\/revisions\/817"}],"wp:attachment":[{"href":"https:\/\/lestudioagile.fr\/index.php\/wp-json\/wp\/v2\/media?parent=11"}],"curies":[{"name":"wp","href":"https:\/\/api.w.org\/{rel}","templated":true}]}}

<p>Experts de la conduite de projet agile et de l&#8217;intelligence collective,  nous mettons en commun nos talents et nos imaginations au service des collaborations.</p>



<p>De la formation à l&#8217;accompagnement en passant par la coordination de projet, nos interventions cadrent les transformations et leur donnent du sens.</p>



<p>Convaincus des bénéfices de la transparence, de l’auto-organisation et de l’amélioration continue, nous appliquons ces principes au quotidien.</p>



<hr class="wp-block-separator"/>



<div class="wp-block-columns has-3-columns">
<div class="wp-block-column">
<p class="has-text-align-center"><a href="https://www.linkedin.com/in/olivierdestrade">Olivier</a></p>



<figure class="wp-block-image size-large is-style-rounded"><img loading="lazy" width="640" height="640" src="http://lestudioagile.fr/wp-content/uploads/2026/03/Olivier-2.jpg" alt="" class="wp-image-812" srcset="https://lestudioagile.fr/wp-content/uploads/2026/03/Olivier-2.jpg 640w, https://lestudioagile.fr/wp-content/uploads/2026/03/Olivier-2-300x300.jpg 300w, https://lestudioagile.fr/wp-content/uploads/2026/03/Olivier-2-150x150.jpg 150w, https://lestudioagile.fr/wp-content/uploads/2026/03/Olivier-2-100x100.jpg 100w" sizes="(max-width: 640px) 100vw, 640px" /></figure>



<p class="has-text-align-center">Olivier Destrade est spécialiste des approches agiles de gestion de projet. Il a un parcours de manageur au sein d’éditeurs logiciels, dont 2 ans dans une équipe d&#8217;intégration des terminaux points de vente. Depuis 2014 il accompagne les organisations et les équipes dans leurs projets par de la formation, du coaching d’équipe, ou de la coordination opérationnelle.</p>
</div>



<div class="wp-block-column">
<p class="has-text-align-center"><a href="https://www.linkedin.com/in/ogiergalland/">Valentine</a></p>



<figure class="wp-block-image size-large is-style-rounded"><img loading="lazy" width="393" height="393" src="http://lestudioagile.fr/wp-content/uploads/2026/03/Valentine-2.jpg" alt="" class="wp-image-813" srcset="https://lestudioagile.fr/wp-content/uploads/2026/03/Valentine-2.jpg 393w, https://lestudioagile.fr/wp-content/uploads/2026/03/Valentine-2-300x300.jpg 300w, https://lestudioagile.fr/wp-content/uploads/2026/03/Valentine-2-150x150.jpg 150w, https://lestudioagile.fr/wp-content/uploads/2026/03/Valentine-2-100x100.jpg 100w" sizes="(max-width: 393px) 100vw, 393px" /></figure>



<p class="has-text-align-center">Valentine Ogier-Galland est ingénieur en informatique, avec une expertise double en stratégie documentaire et agilité. Elle a géré des équipes de développement, de traduction et de rédaction technique, et a enseigné un an chez Vatel à Nîmes. Elle accompagne aujourd&#8217;hui les organisations dans leurs transformations stratégiques.</p>
</div>



<div class="wp-block-column">
<p class="has-text-align-center"><a href="https://www.linkedin.com/in/luigi-notarangelo-244641/">Luigi</a></p>



<figure class="wp-block-image size-large is-style-rounded"><img loading="lazy" width="640" height="640" src="http://lestudioagile.fr/wp-content/uploads/2026/03/Luigi.jpg" alt="" class="wp-image-807" srcset="https://lestudioagile.fr/wp-content/uploads/2026/03/Luigi.jpg 640w, https://lestudioagile.fr/wp-content/uploads/2026/03/Luigi-300x300.jpg 300w, https://lestudioagile.fr/wp-content/uploads/2026/03/Luigi-150x150.jpg 150w, https://lestudioagile.fr/wp-content/uploads/2026/03/Luigi-100x100.jpg 100w" sizes="(max-width: 640px) 100vw, 640px" /></figure>



<p class="has-text-align-center">Luigi Notarangelo est un artisan de la gestion de projet et de l’agilité. Sur le terrain, il a piloté la conception et la mise en œuvre d’événements d’envergure pour la Confédération Générale de Roquefort et la Ville de Pézenas. Depuis 2017, il accompagne des équipes de développement au sein du Groupe la Poste, au service de leur performance.</p>
</div>
</div>



<p></p>

<p>Experts de la conduite de projet agile et de l&#8217;intelligence collective, nous mettons en commun nos talents et nos imaginations au service des collaborations. De la formation à l&#8217;accompagnement en passant par la coordination de projet, nos interventions cadrent les transformations et leur donnent du sens. Convaincus des bénéfices de la transparence, de l’auto-organisation et &hellip; </p>
<p class="link-more"><a href="https://lestudioagile.fr/index.php/nous/" class="more-link">Continue reading<span class="screen-reader-text"> &#8220;Qui sommes-nous ?&#8221;</span></a></p>
